{"id":15,"date":"2016-01-17T22:32:27","date_gmt":"2016-01-17T21:32:27","guid":{"rendered":"http:\/\/www.grunern.de\/wordpress\/?page_id=15"},"modified":"2023-07-26T08:11:15","modified_gmt":"2023-07-26T06:11:15","slug":"buergerverein","status":"publish","type":"page","link":"http:\/\/www.grunerninstaufen.de\/bvgrn\/?page_id=15","title":{"rendered":"B\u00fcrgerverein"},"content":{"rendered":"<h3>Warum ein B\u00fcrgerverein f\u00fcr Grunern?<\/h3>\n<p>Wir m\u00f6chten einen Beitrag dazu leisten, die Gemeinschaft unseres Dorfes lebendig zu erhalten und die Lebensqualit\u00e4t zu erh\u00f6hen. Nach au\u00dfen hin vertreten wir die Interessen Grunerns, insbesondere gegen\u00fcber \u00f6ffentlichen Tr\u00e4gern wie z.B. der Stadtverwaltung und dem Gemeinderat.<br \/>\n<strong>In unserer Arbeit als gemeinn\u00fctziger Verein setzen wir derzeit folgende Schwerpunkte:<\/strong><br \/>\n<span style=\"text-decoration: underline;\">Dorfgestaltung:<\/span><br \/>\nWir m\u00f6chten den historisch gewachsenen Charakter Grunerns f\u00fcr die Zukunft erhalten und sinnvoll weiterentwickeln. In der Dorfmitte soll ein Areal entstehen, auf dem Jung und Alt sich treffen, austauschen, diskutieren und miteinander feiern k\u00f6nnen.<br \/>\n<span style=\"text-decoration: underline;\">F\u00fcr unsere Kinder und Jugendlichen und f\u00fcr die \u00c4lteren und Senioren:<\/span><br \/>\nGrunern soll leben! Kinder und Jugendliche sollen hier ein Freizeitangebot vorfinden, das ihren altersspezifischen Interessen Rechnung tr\u00e4gt und sie begeistert. Auch dies st\u00e4rkt die inner\u00f6rtliche Dorfgemeinschaft und verbindet die Generationen miteinander.<br \/>\n<span style=\"text-decoration: underline;\">Kulturelles Angebot:<\/span><br \/>\nWir organisieren Konzerte sowie Lesungen im B\u00fcrgerhaus und beteiligen uns an der Kulturwoche der Stadt Staufen. Informationsveranstaltungen und Diskussionsrunden zu kulturellen Themen erm\u00f6glichen einen Austausch untereinander.<br \/>\n<span style=\"text-decoration: underline;\">B\u00fcrgerschaftliches Engagement:<\/span><br \/>\nWir m\u00f6chten unser unmittelbares Umfeld umweltgerecht weiterentwickeln. Dazu machen wir Vorschl\u00e4ge, f\u00fchren Informationsveranstaltungen durch, bringen unsere Ideen in \u00f6ffentliche Gremien ein und unterst\u00fctzen deren Umsetzung.<br \/>\n<span style=\"text-decoration: underline;\">F\u00f6rderung der Inklusion<\/span><br \/>\ndurch F\u00f6rderung der Begegnung im Dorf, insbesondere auch zwischen Menschen mit und ohne Behinderung.<\/p>\n","protected":false},"excerpt":{"rendered":"<p>Warum ein B\u00fcrgerverein f\u00fcr Grunern? Wir m\u00f6chten einen Beitrag dazu leisten, die Gemeinschaft unseres Dorfes lebendig zu erhalten und die Lebensqualit\u00e4t zu erh\u00f6hen. Nach au\u00dfen hin vertreten wir die Interessen Grunerns, insbesondere gegen\u00fcber \u00f6ffentlichen Tr\u00e4gern wie z.B. der Stadtverwaltung und dem Gemeinderat. In unserer Arbeit als gemeinn\u00fctziger Verein setzen wir derzeit folgende Schwerpunkte: Dorfgestaltung: Wir m\u00f6chten den historisch gewachsenen Charakter Grunerns f\u00fcr die Zukunft erhalten und sinnvoll weiterentwickeln. In der Dorfmitte soll ein Areal entstehen, auf dem Jung und Alt sich treffen, austauschen, diskutieren und miteinander feiern k\u00f6nnen. F\u00fcr unsere Kinder und Jugendlichen und f\u00fcr die \u00c4lteren und Senioren: Grunern soll leben! Kinder und Jugendliche sollen hier ein Freizeitangebot vorfinden, das ihren altersspezifischen Interessen Rechnung tr\u00e4gt und sie begeistert. Auch dies st\u00e4rkt die inner\u00f6rtliche Dorfgemeinschaft und verbindet die Generationen miteinander. Kulturelles Angebot: Wir organisieren Konzerte sowie Lesungen im B\u00fcrgerhaus und beteiligen uns an der Kulturwoche der Stadt Staufen. Informationsveranstaltungen und Diskussionsrunden zu kulturellen Themen erm\u00f6glichen einen Austausch untereinander. B\u00fcrgerschaftliches Engagement: Wir m\u00f6chten unser unmittelbares Umfeld umweltgerecht weiterentwickeln. Dazu machen wir Vorschl\u00e4ge, f\u00fchren Informationsveranstaltungen durch, bringen unsere Ideen in \u00f6ffentliche Gremien ein und unterst\u00fctzen deren Umsetzung. F\u00f6rderung der Inklusion durch F\u00f6rderung der Begegnung im Dorf, insbesondere auch zwischen Menschen mit und ohne Behinderung.<\/p>\n","protected":false},"author":1,"featured_media":0,"parent":0,"menu_order":0,"comment_status":"closed","ping_status":"closed","template":"","meta":{"footnotes":""},"class_list":["post-15","page","type-page","status-publish","hentry"],"_links":{"self":[{"href":"http:\/\/www.grunerninstaufen.de\/bvgrn\/index.php?rest_route=\/wp\/v2\/pages\/15","targetHints":{"allow":["GET"]}}],"collection":[{"href":"http:\/\/www.grunerninstaufen.de\/bvgrn\/index.php?rest_route=\/wp\/v2\/pages"}],"about":[{"href":"http:\/\/www.grunerninstaufen.de\/bvgrn\/index.php?rest_route=\/wp\/v2\/types\/page"}],"author":[{"embeddable":true,"href":"http:\/\/www.grunerninstaufen.de\/bvgrn\/index.php?rest_route=\/wp\/v2\/users\/1"}],"replies":[{"embeddable":true,"href":"http:\/\/www.grunerninstaufen.de\/bvgrn\/index.php?rest_route=%2Fwp%2Fv2%2Fcomments&post=15"}],"version-history":[{"count":4,"href":"http:\/\/www.grunerninstaufen.de\/bvgrn\/index.php?rest_route=\/wp\/v2\/pages\/15\/revisions"}],"predecessor-version":[{"id":2183,"href":"http:\/\/www.grunerninstaufen.de\/bvgrn\/index.php?rest_route=\/wp\/v2\/pages\/15\/revisions\/2183"}],"wp:attachment":[{"href":"http:\/\/www.grunerninstaufen.de\/bvgrn\/index.php?rest_route=%2Fwp%2Fv2%2Fmedia&parent=15"}],"curies":[{"name":"wp","href":"https:\/\/api.w.org\/{rel}","templated":true}]}}