{"id":13,"date":"2016-01-17T22:28:24","date_gmt":"2016-01-17T21:28:24","guid":{"rendered":"http:\/\/www.grunern.de\/wordpress\/?page_id=13"},"modified":"2024-06-30T11:06:24","modified_gmt":"2024-06-30T09:06:24","slug":"geschichte","status":"publish","type":"page","link":"https:\/\/www.grunerninstaufen.de\/bvgrn\/?page_id=13","title":{"rendered":"Geschichte"},"content":{"rendered":"<h2>Was wir schon erreicht haben<\/h2>\n<h3>Neuere Projekte des B\u00fcrgervereins Grunern<\/h3>\n<p><a href=\"https:\/\/www.grunerninstaufen.de\/bvgrn\/?p=604\">25 Jahre B\u00fcrgerverein Grunern<\/a><br \/>\n<a href=\"https:\/\/www.grunerninstaufen.de\/bvgrn\/?p=385\">Einweihung der \u00f6kologischen Ausgleichsfl\u00e4che<\/a><\/p>\n<h3>Projekte des B\u00fcrgervereins Grunern<\/h3>\n<p>Der <a href=\"https:\/\/www.grunerninstaufen.de\/bvgrn\/?page_id=1582\">Werdegang<\/a>:<\/p>\n<p><!-- (f\u00fcr Diashow auf Bild klicken) --><\/p>\n<p><a href=\"https:\/\/www.grunerninstaufen.de\/bvgrn\/?page_id=1582\" target=\"_blank\" rel=\"noopener\"><img loading=\"lazy\" decoding=\"async\" class=\"alignnone\" src=\"http:\/\/www.grunerninstaufen.de\/bvgrn\/wp-content\/uploads\/2016\/01\/p02.jpg\" alt=\"Diashow\" width=\"960\" height=\"720\" border=\"0\" \/><\/a><\/p>\n<hr \/>\n<p><a href=\"http:\/\/www.grunerninstaufen.de\/bvgrn\/wp-content\/uploads\/2021\/07\/waschplatz-einweihung.jpg\"><img loading=\"lazy\" decoding=\"async\" class=\"alignleft size-thumbnail wp-image-1658\" src=\"http:\/\/www.grunerninstaufen.de\/bvgrn\/wp-content\/uploads\/2021\/07\/waschplatz-einweihung-150x150.jpg\" alt=\"\" width=\"150\" height=\"150\" srcset=\"https:\/\/www.grunerninstaufen.de\/bvgrn\/wp-content\/uploads\/2021\/07\/waschplatz-einweihung-150x150.jpg 150w, https:\/\/www.grunerninstaufen.de\/bvgrn\/wp-content\/uploads\/2021\/07\/waschplatz-einweihung-300x300.jpg 300w, https:\/\/www.grunerninstaufen.de\/bvgrn\/wp-content\/uploads\/2021\/07\/waschplatz-einweihung-75x75.jpg 75w\" sizes=\"auto, (max-width: 150px) 100vw, 150px\" \/><\/a> <a href=\"http:\/\/www.grunerninstaufen.de\/bvgrn\/wp-content\/uploads\/2021\/07\/dorfbrunnenT.jpg\"><img loading=\"lazy\" decoding=\"async\" class=\"alignleft size-thumbnail wp-image-1657\" src=\"http:\/\/www.grunerninstaufen.de\/bvgrn\/wp-content\/uploads\/2021\/07\/dorfbrunnenT-150x150.jpg\" alt=\"\" width=\"150\" height=\"150\" srcset=\"https:\/\/www.grunerninstaufen.de\/bvgrn\/wp-content\/uploads\/2021\/07\/dorfbrunnenT-150x150.jpg 150w, https:\/\/www.grunerninstaufen.de\/bvgrn\/wp-content\/uploads\/2021\/07\/dorfbrunnenT-75x75.jpg 75w\" sizes=\"auto, (max-width: 150px) 100vw, 150px\" \/><\/a><\/p>\n<p>Die Vorg\u00e4nger-Homepage lief bis Ende 2015, Info auf Nachfrage..<\/p>\n","protected":false},"excerpt":{"rendered":"<p>Was wir schon erreicht haben Neuere Projekte des B\u00fcrgervereins Grunern 25 Jahre B\u00fcrgerverein Grunern Einweihung der \u00f6kologischen Ausgleichsfl\u00e4che Projekte des B\u00fcrgervereins Grunern Der Werdegang: Die Vorg\u00e4nger-Homepage lief bis Ende 2015, Info auf Nachfrage..<\/p>\n","protected":false},"author":1,"featured_media":0,"parent":0,"menu_order":0,"comment_status":"closed","ping_status":"closed","template":"","meta":{"footnotes":""},"class_list":["post-13","page","type-page","status-publish","hentry"],"_links":{"self":[{"href":"https:\/\/www.grunerninstaufen.de\/bvgrn\/index.php?rest_route=\/wp\/v2\/pages\/13","targetHints":{"allow":["GET"]}}],"collection":[{"href":"https:\/\/www.grunerninstaufen.de\/bvgrn\/index.php?rest_route=\/wp\/v2\/pages"}],"about":[{"href":"https:\/\/www.grunerninstaufen.de\/bvgrn\/index.php?rest_route=\/wp\/v2\/types\/page"}],"author":[{"embeddable":true,"href":"https:\/\/www.grunerninstaufen.de\/bvgrn\/index.php?rest_route=\/wp\/v2\/users\/1"}],"replies":[{"embeddable":true,"href":"https:\/\/www.grunerninstaufen.de\/bvgrn\/index.php?rest_route=%2Fwp%2Fv2%2Fcomments&post=13"}],"version-history":[{"count":10,"href":"https:\/\/www.grunerninstaufen.de\/bvgrn\/index.php?rest_route=\/wp\/v2\/pages\/13\/revisions"}],"predecessor-version":[{"id":2425,"href":"https:\/\/www.grunerninstaufen.de\/bvgrn\/index.php?rest_route=\/wp\/v2\/pages\/13\/revisions\/2425"}],"wp:attachment":[{"href":"https:\/\/www.grunerninstaufen.de\/bvgrn\/index.php?rest_route=%2Fwp%2Fv2%2Fmedia&parent=13"}],"curies":[{"name":"wp","href":"https:\/\/api.w.org\/{rel}","templated":true}]}}

<h2>Was wir schon erreicht haben</h2>
<h3>Neuere Projekte des Bürgervereins Grunern</h3>
<p><a href="https://www.grunerninstaufen.de/bvgrn/?p=604">25 Jahre Bürgerverein Grunern</a><br />
<a href="https://www.grunerninstaufen.de/bvgrn/?p=385">Einweihung der ökologischen Ausgleichsfläche</a></p>
<h3>Projekte des Bürgervereins Grunern</h3>
<p>Der <a href="https://www.grunerninstaufen.de/bvgrn/?page_id=1582">Werdegang</a>:</p>
<p><!-- (für Diashow auf Bild klicken) --></p>
<p><a href="https://www.grunerninstaufen.de/bvgrn/?page_id=1582" target="_blank" rel="noopener"><img loading="lazy" decoding="async" class="alignnone" src="http://www.grunerninstaufen.de/bvgrn/wp-content/uploads/2016/01/p02.jpg" alt="Diashow" width="960" height="720" border="0" /></a></p>
<hr />
<p><a href="http://www.grunerninstaufen.de/bvgrn/wp-content/uploads/2021/07/waschplatz-einweihung.jpg"><img loading="lazy" decoding="async" class="alignleft size-thumbnail wp-image-1658" src="http://www.grunerninstaufen.de/bvgrn/wp-content/uploads/2021/07/waschplatz-einweihung-150x150.jpg" alt="" width="150" height="150" srcset="https://www.grunerninstaufen.de/bvgrn/wp-content/uploads/2021/07/waschplatz-einweihung-150x150.jpg 150w, https://www.grunerninstaufen.de/bvgrn/wp-content/uploads/2021/07/waschplatz-einweihung-300x300.jpg 300w, https://www.grunerninstaufen.de/bvgrn/wp-content/uploads/2021/07/waschplatz-einweihung-75x75.jpg 75w" sizes="auto, (max-width: 150px) 100vw, 150px" /></a> <a href="http://www.grunerninstaufen.de/bvgrn/wp-content/uploads/2021/07/dorfbrunnenT.jpg"><img loading="lazy" decoding="async" class="alignleft size-thumbnail wp-image-1657" src="http://www.grunerninstaufen.de/bvgrn/wp-content/uploads/2021/07/dorfbrunnenT-150x150.jpg" alt="" width="150" height="150" srcset="https://www.grunerninstaufen.de/bvgrn/wp-content/uploads/2021/07/dorfbrunnenT-150x150.jpg 150w, https://www.grunerninstaufen.de/bvgrn/wp-content/uploads/2021/07/dorfbrunnenT-75x75.jpg 75w" sizes="auto, (max-width: 150px) 100vw, 150px" /></a></p>
<p>Die Vorgänger-Homepage lief bis Ende 2015, Info auf Nachfrage..</p>

<p>Was wir schon erreicht haben Neuere Projekte des Bürgervereins Grunern 25 Jahre Bürgerverein Grunern Einweihung der ökologischen Ausgleichsfläche Projekte des Bürgervereins Grunern Der Werdegang: Die Vorgänger-Homepage lief bis Ende 2015, Info auf Nachfrage..</p>
